(w) = 5*w + 9. Suppose -176 = -42*o + 38 + 80. Calculate f(o).
44
Let v(i) = 37*i**2 - 100*i - 280. Let t(d) = 60*d**2 - 166*d - 466. Let n(r) = -8*t(r) + 13*v(r). Give n(-23).
-27
Let z = -402 - -413. Let m(q) = -6*q**2 - 1 - 3*q**2 + z*q**2. Calculate m(-1).
1
Let c(q) = -13*q**2 + 3*q**2 + 12*q**2 - 5*q**2 - 7*q - 8. What is c(-2)?
-6
Let h(f) = f**3 + 5*f**2 - 8*f - 3. Let i be h(-6). Suppose -4*d + 5*v + 148 = 0, 6*d - 5*v - 52 = 5*d. Let r(k) = -d + 27 + k + 9. Give r(i).
13
Let r be 107/107 - 2/1. Let d(c) = -2*c**3 - 3*c**2 - 4*c - 2. Calculate d(r).
1
Suppose 0 = b + 4*b + 45. Suppose 0 = -10*i - 19 + 39. Let y(z) = -6*z + 2*z**2 + 15 - 3 - z - 3*z**i. Give y(b).
-6
Let m(k) = 7*k**2 - 8*k + 10. Let i be (-2)/(-4)*(-2)/(-3)*(25 - 19). Determine m(i).
22
Let w(o) = -6*o**2 - 111*o + 51. Let n be ((-2)/(-16))/((-452)/68704). Determine w(n).
-6
Let v(d) = -d**2 + 10*d + 8. Let a(h) = 12*h**2 - 1. Let j be a(-1). Let l be v(j). Let x be 6/27*l - (-39)/(-9). Let n(r) = r**2 + 4*r + 2. What is n(x)?
7
Suppose -1367*l - 123*l = -117*l + 27224 - 9375. Let z(i) = -11*i + 8. Let a(y) = 5*y - 4. Let w(g) = 13*a(g) + 6*z(g). What is w(l)?
9
Let g(p) = p**2 + 2*p - 6 + 4*p - 2*p - p. Let n = 19147 - 19153. Give g(n).
12
Suppose 0 = 21*u - 1778 + 98. Suppose -81*b = -u*b. Let r(c) = -c**2 - 3*c - 3. Calculate r(b).
-3
Let w(o) = 2*o + 5. Let r(y) = -3*y - 9. Let k(n) = -3*r(n) - 5*w(n). Let a(t) = -t**2 - 2*t - 1. Let s(h) = -a(h) - k(h). Give s(-7).
27
Let i(k) = 544*k**2 + 538*k**2 + 3 + 2*k - 1109*k**2. Give i(-1).
-26
Let k be 10/1*5/6*(-525)/(-875). Let z(l) = -22*l**2 + 112*l - 2. Calculate z(k).
8
Suppose v - 4 - 12 = -4*c, -5*c + 37 = -3*v. Let k(a) = 5*a + 8882 + 2*a - 8890 - 4*a - c*a. Determine k(-6).
4
Let l(n) = -4*n**2 - 6*n - 2. Let b be 25 - 21 - (-2 - 0)/2. Let x(z) = 2 - 9 + b*z - 11*z + 5 - 5*z**2. Let w(p) = 6*l(p) - 5*x(p). Give w(6).
-2
Let j(q) = -2624*q + 4 - 14 - q**2 + 2638*q. Determine j(12).
14
Let b(p) be the first derivative of -1/6*p**3 + 42 + p**2 - 40*p - 1/4*p**4 + 1/20*p**5. Let x(y) be the first derivative of b(y). Calculate x(4).
14
Let f(g) = g + 1. Let n(d) = -5*d. Let m(q) = 6*f(q) + n(q). Let v = 407 - 399. Determine m(v).
14
Suppose -16 = -w + 27. Suppose -g + 33 = 4*q, 4*g = -3*q - 2 + w. Let b(x) be the second derivative of x**4/12 - x**3 + 3*x**2/2 - 1941*x. Give b(q).
10
Suppose 15*l = 628 + 45 - 88. Let u(g) = g**2 - 42*g + 109. Calculate u(l).
-8
Let m = 382 + -9. Let s = m - 364. Let i(j) = j**3 - 8*j**2 - 10*j + 12. Give i(s).
3
Suppose -z + 3 = 5*d, z + 0*z + 4*d = 0. Let t(l) be the second derivative of l**5/20 + l**4 + l**3/6 + 10*l**2 - 98*l + 36. Determine t(z).
8
Let f(a) be the first derivative of -a**3/3 + 4*a**2 - a + 1056. What is f(-4)?
-49
Let g(p) = p. Let b(r) = -4*r - 15. Let s(v) = 2*v**2 - 11*v + 17. Let l be s(9). Suppose l*h - 79*h + 5 = 0. Let q(f) = h*g(f) - b(f). What is q(8)?
7
Let n be (-1)/1 + 1 + (4 - -6). Let r(q) = 4 + q**2 - 3*q - 1 + n*q + 0. Let s be ((-2)/4)/(1/10). Give r(s).
-7
Let k(i) be the second derivative of 51 - 1/6*i**3 + 0*i**2 + 9/20*i**5 + i - 1/6*i**4. Give k(-1).
-10
Let z(s) = 11*s - 3. Let v(j) = -j**3 - 47*j**2 - 526*j - 75. Let l be v(-18). Determine z(l).
-36
Let p(t) = -t**3 - 5*t**2 - 6*t - 6. Let h(i) = -3*i - 13. Let q be h(-11). Let b = -5 + q. Let u be (-40)/b*3/2. Give p(u).
2
Let l(p) = -51*p - 1246 - p**2 - 1070 + 1900. Determine l(-41).
-6
Let m(l) be the second derivative of -1/2*l**2 + 1/20*l**5 + 0 - 1/12*l**4 + 1/6*l**3 + 48*l. Give m(2).
5
Let g be 8/(-18)*6*(-1080)/160. Let l(z) = z**3 - 18*z**2 + 4*z - 15. Determine l(g).
57
Let s(l) = 5*l**2 - l**3 - 8*l**2 + 0*l - l**2 + 9*l + 2. Let z(b) = -5*b + 19. Let i = 38 + -33. Let h be z(i). Give s(h).
20
Let x(r) = r**2 - 2*r - 7. Suppose 0 = i + 5*a - 4, -4*i - 411*a + 414*a + 16 = 0. Calculate x(i).
1
Let z(b) be the second derivative of -b**4/12 - b**3/6 - b**2 + 2*b + 15. Give z(-2).
-4
Let c = -3 - -5. Let y = 12652 + -12648. Let o(r) = y*r**2 + r**2 - 6*r**c + r + 8*r**2. Calculate o(-1).
6
Let r(p) = p**3 + 25*p**2 + 45*p - 8. Let j be r(-23). Suppose j = 13*t - 63. Let f(x) = -3*x + 13. Give f(t).
-5
Let o(j) = -41*j**2 + 20*j + 20. Let r(t) = -14*t**2 + 7*t + 7. Let b(i) = -6*o(i) + 17*r(i). Let g = -123 - -125. Give b(g).
29
Let b(n) = 67*n + 3 - 28*n - 33*n - 18*n. Suppose 4*x = 2*f - 4, -f = -4*f + 5*x + 6. Give b(f).
-21
Suppose -2*l = -29 + 25. Let k(n) = n - 2*n**3 + 122*n**2 + 0*n**3 - 120*n**l. Determine k(-2).
22
Let w(x) = -x**3 + 5*x**2 + x - 1. Suppose 21*s + 14 = 22*s. Let g be 4/s - (-2144)/(-56). Let m = g - -43. What is w(m)?
4
Let a(h) = -9*h + 2*h - 1354*h**3 - 5 - 4 - 9*h**2 + 2*h**2 + 1353*h**3. Give a(-7).
40
Suppose 26*w - 178*w = -58*w + 282. Let x(q) = 76*q + 231. Give x(w).
3
Let h(t) = 5*t - 11. Let r = -24940 + 24943. Give h(r).
4
Suppose -31 + 181 = 6*d. Let m(g) = -d*g**2 - 5 + 37*g**2 - 13*g**2 - 4*g. Give m(-4).
-5
Let n(i) = 2*i - 2. Let s(z) = -z**2 - 2*z + 1. Let v(d) = d - 13. Let a be v(6). Let h = -10 - a. Let p be s(h). Give n(p).
-6
Let o(t) be the third derivative of -t**5/30 + t**3 + 6*t**2 - 62*t. Calculate o(3).
-12
Suppose 3*a + a = 136. Suppose -26 = -12*k + a. Let h(c) = k*c**2 + 58*c**3 - 2 - 3*c**2 + 0*c**2 - c - 57*c**3. Give h(-3).
-8
Let i(u) = 8*u**2 + 25*u - 319. Let z be i(-8). Let f(b) = -2*b - 15. Let v(n) = 2*n + 16. Let p(x) = -5*f(x) - 4*v(x). Determine p(z).
-3
Let o(k) = -5*k**3 + 2*k**2 + 2*k + 2. Suppose -5*t = -4*a + 34, 127*a = 126*a + 6. What is o(t)?
46
Let v(m) = m**3 + 715 + 10*m**2 - 216 - 246 - 226 - 11*m. Determine v(-11).
27
Let d(t) = -1 + t**2 - 5*t - 1 + 5 + 0. Let r be 342/108 + (-1)/6. Let w be d(r). Let p(o) = o**3 + o**2 - 2*o - 2. Give p(w).
-14
Let c(k) = -21*k + 98. Let r(h) = 4*h - 25. Let m(i) = -6*c(i) - 26*r(i). Calculate m(-3).
-4
Let f(i) = -i + 30. Let k(y) = -21*y + 696. Let b(z) = 93*f(z) - 4*k(z). Determine b(-1).
15
Suppose 56 = -472*v + 479*v. Let c(w) = 0*w + 6 - 3*w - v + 3 - w. Determine c(-8).
33
Let u(f) be the first derivative of -14*f**3/3 + 31*f**2/2 - 32*f - 894. Calculate u(1).
-15
Let i(x) = 55*x**2 + 8*x + 8. Let s be i(-2). Let o = s + -210. Let h(v) = -v**3 + 3*v**2 - 4*v + 1. Calculate h(o).
-3
Let c(h) = -3*h**2 + 26*h + 92. Let n(z) = 13*z**2 - 103*z - 369. Let p(i) = -9*c(i) - 2*n(i). Calculate p(-3).
3
Let b(a) = -a**3 - a**2 + a. Let s = 240 - 237. Let l(q) = -4*q**3 + 2*q**2 + 8*q - 6. Let p(w) = s*b(w) - l(w). Suppose 0 = -0*v - 2*v + 10. Calculate p(v).
-19
Suppose 0 = -4*p - 16*p + 40. Suppose 0 = 8*m + p*m - 50. Let z(v) = -5*v + 7*v**2 - 3*v**2 - 3*v**2. Determine z(m).
0
Suppose -10*y = -13*y. Let q(w) = -1285*w + y + 642*w - 2 + 2*w**2 + 641*w. Calculate q(3).
10
Let w(r) = 2*r**2 + 14*r + 2. Let l(d) = -d**2 - 8*d + 1. Let j(u) = -l(u) - w(u). Suppose 3*g + 20 + 7 = 3*z, -4*z = 5*g + 9. Determine j(g).
2
Let z(a) = 13*a**2 - 4*a + 1. Let v(g) = 4*g**2 - g. Let t(w) = 7*v(w) - 2*z(w). Suppose 158 + 114 = 37*r - 173*r. Give t(r).
4
Let l(t) = 0*t**2 + 9*t**2 - 8*t - 2*t**2 - 20 + 22 - 5*t**2. Let x be (-3)/2 + (-45)/(-6). Calculate l(x).
26
Let y(d) be the second derivative of -d**5/20 + d**3/3 + 7*d**2/2 - d - 29. Give y(0).
7
Suppose o = 3*g - 5, -2*g = -5*o + 80 - 27. Let l(n) = n + 4. Calculate l(o).
17
Let y = -3 - -3. Let m be (1 + (-11)/(-3))*3/2. Let d(z) = z + 12. Let o(i) = 2*i + 23. Let k(a) = m*d(a) - 4*o(a). Calculate k(y).
-8
Let v(d) = -2*d**2 + 12*d - 6. Let k = 3343 - 3337. What is v(k)?
-6
Let j = 9485 - 9512. Let t(v) = -v**2 - 26*v + 5. What is t(j)?
-22
Suppose -82 + 56 = 16*d + 10*d. Let r(n) be the second derivative of -23*n**4/12 - n**2/2 + n. What is r(d)?
-24
Let n(l) be the third derivative of 0*l + 8 - l**2 + 1/24*l**4 - 4/3*l**3. Calculate n(8).
0
Let w be (-27)/(-15) - (-16)/(-20). Suppose g - 2*f + w = 13, 2*g = -5*f - 21. Let t(m) = 5*m**2 - m - 2. What is t(g)?
16
Suppose -7*i - 1023 = -8*i + 4*c, -4*c = 4. Suppose 947 - i = -8*v. Let p(u) = -4*u + 30. Determine p(v).
-6
Let u(o) be the third derivative of -1/6*o**3 + 1/2*o**4 + 0*o + 0 - 165*o**2. What is u(1)?
11
Let v(c) = 14*c - 16. Let m(w) = -3*w + 3. Let o(r) = 9*m(r) + 2*v(r). Let b = -20 + 26. What is o(b)?
1
Let g(o) = o**3 + 13*o**2 - 14*o + 14. Suppose -63*p 